nder when b is divided by k.
7
Let v(w) = -w**2 + w + 17. Calculate the remainder when v(0) is divided by 6.
5
Suppose -14 = -2*s + 26. Let n(l) = -l**2 - 7*l - 3. What is the remainder when s is divided by n(-5)?
6
Suppose 4*w = -v + 12, 4*w = -0*w + 3*v + 28. What is the remainder when 4 is divided by w?
0
Suppose 0 = -5*g, 0 = 5*i + g + 2*g - 150. Let r = 24 - 16. Calculate the remainder when i is divided by -1 + 2*r + 1.
14
Let u = 29 + -24. Calculate the remainder when 9 is divided by u.
4
Suppose -2*a + 57 = -39. Suppose -4*u - 3*m + 75 = 0, 4*m + a - 143 = -5*u. What is the remainder when u is divided by 9?
6
Let m(s) = 4*s + 24. Suppose -2*v - 88 = -6*v. Calculate the remainder when v is divided by m(-3).
10
Calculate the remainder when (36/(-5))/(24/(-300)) is divided by 31.
28
Let y = 14 + -10. What is the remainder when y is divided by 3?
1
Suppose -2*y + 7*y = 75. Suppose -3*h = 2*x - 74, 4*h - 70 = -2*x + 3*h. Suppose -6 = r - x. Calculate the remainder when r is divided by y.
13
Suppose -4*l - 164 = -4*h, 5*h + 4*l = 4*h + 66. What is the remainder when 181 is divided by h?
43
Suppose -20 = -20*a + 15*a. What is the remainder when 9 is divided by a?
1
Let y(o) = 3 - o**3 + 2*o**2 - 2*o - 4 + 4*o. Let r be y(2). Suppose r*l = -k + 16, -3*k + 2*l = -8*k + 106. Calculate the remainder when k is divided by 12.
10
What is the remainder when 29 is divided by 4*-1*(-10 + 8)?
5
Let h(v) = -11*v**3 - v**2 - 2*v - 1. Suppose -5*g - 15 = 0, 5*t - 4*g = -2*g + 1. What is the remainder when 42 is divided by h(t)?
9
Suppose -3*x = -2*z + 41, 3*z + 2*x = 15 + 40. Let t = 13 - -18. Suppose 0 = 5*d - t - 4. What is the remainder when z is divided by d?
5
Let j(g) = g + 46. Calculate the remainder when 88 is divided by j(-16).
28
Let w = 39 - 36. What is the remainder when 9 is divided by w?
0
Let d = 18 + -1. What is the remainder when d is divided by 10?
7
Suppose 5*u = 84 + 51. Let p(o) = 11*o**2 + 2*o + 1. Calculate the remainder when p(3) is divided by u.
25
Suppose -5*s + g = -176, -2*g = 5*s + 3*g - 200. Calculate the remainder when s is divided by 148/8 - (-2)/4.
17
Suppose -j - 1 = 3*k, 2*k = 3*k + 4. Suppose 5*u - 12 = 203. What is the remainder when u is divided by j?
10
What is the remainder when (0/2 + -3)*21/(-9) is divided by 3?
1
Let j(y) = y**2 - 2*y - 12. What is the remainder when j(10) is divided by 14?
12
What is the remainder when 77 is divided by (-2)/(-8)*2 + (-78)/(-4)?
17
Let m = 5 + 0. Calculate the remainder when 17 is divided by m.
2
Suppose -5*p + 48 = 4*x - p, 3*x + 5*p - 44 = 0. Calculate the remainder when 28 is divided by x.
4
Suppose z = -5 - 2. Let y = z - -21. Suppose -4 + 24 = 4*k. Calculate the remainder when y is divided by k.
4
Let d be (3 - 1)*(-14)/4. Let v(w) = 6*w. Let x be v(2). Let g = x - d. Calculate the remainder when g is divided by 7.
5
Let h(z) = -z**3 - z + 18. Suppose a + 1 + 1 = 4*y, 4*y - 22 = 3*a. Let x be (-5)/(a/(-4)) - -2. Calculate the remainder when h(x) is divided by 5.
3
Let u(y) = y + 5. Let p be u(-5). Suppose 2*z = a + 95, p*a + 3 = -a. Calculate the remainder when z is divided by 24.
22
Suppose 7*i - 8*i - 8 = 0. Let s(j) = j**3 + 8*j**2 + 7. Calculate the remainder when 17 is divided by s(i).
3
Let h = 195 + -92. Suppose -3*k = 5*m - h, -4*k + 0*m = -2*m - 172. Calculate the remainder when k is divided by 21.
20
Let m be ((-72)/21)/((-3)/(-84)). Calculate the remainder when ((-5)/(-4))/((-8)/m) is divided by 4.
3
Suppose -5*d - 2*y - 1 = -7, -4*y = 2*d + 4. Suppose 2*k = 11 - 7. What is the remainder when d is divided by k?
0
What is the remainder when (-1048)/(-24) + 6/(-9) is divided by 24?
19
Let f = 19 + -13. What is the remainder when 20 is divided by f?
2
Suppose -p = -5*x - 48, p - 120 = -4*p + x. What is the remainder when p is divided by 8?
7
Let h(p) = -p**2 - 18*p + 23. What is the remainder when 31 is divided by h(-19)?
3
Let d(t) = -t**3 - 2*t**2 - t - 3. Let u be d(-3). Let k be (u - -2) + -1 + 3. Let r = k + -5. What is the remainder when r is divided by 3?
2
Suppose -4*a = 6 + 6. Calculate the remainder when (-292)/(-6) + 3/9 is divided by ((-17)/2)/(a/6).
15
Let o(k) = -k**3 - 11*k**2 - 11*k + 2. What is the remainder when 59 is divided by o(-10)?
11
Let y be 3 - (7 + 1 + -1). What is the remainder when -1 - 16/y - -11 is divided by 5?
4
Let q be ((-4)/10)/(2/(-50)). Let i be 2/(-10) + 2/q. Suppose -2*l + 1 + 1 = i. Calculate the remainder when 2 is divided by l.
0
Let f(x) = -x**3 - x**2 + x. What is the remainder when f(-4) is divided by 60/(-14)*35/(-10)?
14
Let x(q) = 8*q**3 - 1. Suppose -l = -5*l + 4. Let o be x(l). Suppose o = -3*v + 103. What is the remainder when v is divided by 17?
15
Suppose 2*h + 0*a = 2*a + 8, 2*h - 3*a = 9. Let x = -1 - -9. What is the remainder when (1/2)/(h/90) is divided by x?
7
Suppose 6*d + 15 - 99 = 0. What is the remainder when 42 + ((-2)/1)/2 is divided by d?
13
Suppose -17*n + 10 = -12*n. What is the remainder when 11 is divided by n?
1
Suppose -2*n + 22 = -0*n. Calculate the remainder when 54 is divided by n.
10
Suppose 2*q = 2*m - m - 9, -3*m + 25 = -5*q. Suppose -m*y + y = -3*v + 2, 3*y + 5 = 4*v. Calculate the remainder when (0/y - -68) + -1 is divided by 23.
21
Suppose 2*l + g - 1 - 19 = 0, -4 = l - 3*g. Calculate the remainder when 31 is divided by l.
7
Suppose 4*d - 116 = -v - 3*v, 0 = -3*d + 2*v + 62. What is the remainder when 93 is divided by d?
21
Suppose -4*d = -10*i + 5*i + 26, 2*d = -8. Calculate the remainder when i is divided by (-4*1)/2 - -4.
0
Suppose -2*w = -5*g + 102, 2*g = 4*w + g + 240. Let b = -42 - w. What is the remainder when b is divided by 10?
9
Let n(v) = 4*v**2 - 3*v. What is the remainder when n(2) is divided by 7?
3
What is the remainder when 77 is divided by ((-30)/1)/((-3)/2)?
17
Let s be 5/(-3) + (-3)/9. What is the remainder when 1 + (-1)/((-2)/110) is divided by (-845)/(-45) - s/9?
18
Let w be 21/9*(-7 - -4). Let v = w + 25. Calculate the remainder when v is divided by 7.
4
Let w be ((-2)/2)/(3/(-9)). Suppose -w*d + 17 = -13. Let h = 37 - -1. What is the remainder when h is divided by d?
8
Suppose 7*q = 4*q - 108. Let d = q - -53. What is the remainder when d is divided by 12?
5
Let q be 1/(3 - 8/3). Suppose -v - q + 9 = 0. Calculate the remainder when 96/10 + (-6)/(-15) is divided by v.
4
Suppose 2*d + 11 = a, 0*d - 7 = 3*a + 4*d. Suppose -4 = -a*f + f. Calculate the remainder when 5 is divided by f.
1
Let m(z) = -z. Let l be m(-3). Suppose -n + 2 = -l*n. What is the remainder when (2/n)/(6/(-63)) is divided by 11?
10
Suppose 4*s - 22 = 38. Calculate the remainder when 59 is divided by s.
14
Suppose 5*f - 51 = -4*x, 0 = 2*x + 5*f - 4 - 9. What is the remainder when x is divided by 11?
8
Calculate the remainder when 0 - 1 - (-49 + 2) is divided by 3 + (9 - 0 - -4).
14
Let j = -10 + 3. Let f(r) = -r. Calculate the remainder when 20 is divided by f(j).
6
Suppose 14 - 5 = y. Let g = -8 + y. Calculate the remainder when 3 is divided by g.
0
Let b(d) = d**2 + 14*d - 11. Calculate the remainder when 78 is divided by b(-17).
38
Let y(s) = s**2 + 3*s + 4. Suppose 0 = -2*w + 3*w + 5. Let t be y(w). Suppose -u + t = -7. What is the remainder when u is divided by 12?
9
Suppose -6*q + 4*q + 102 = -2*f, -180 = 4*f + 4*q. Let z be 2/7 - f/28. Suppose 0 = 2*t + z - 4. What is the remainder when t is divided by 1?
0
Let q(p) = -p**2 - 12*p - 5. Let b be q(-8). Suppose 5*d - b = -g + 4*g, -20 = 5*g. What is the remainder when d is divided by 3?
0
Let a(r) = 3*r**3 + 2*r**2 - 2*r - 1. Calculate the remainder when a(2) is divided by 10.
7
Let d be (-62)/(-12) - 2/12. Suppose -d*m + 3*x = -112, -64 = -0*m - 4*m - 4*x. Calculate the remainder when m is divided by 7.
6
Let v = -10 + 31. Let b = 31 - v. Calculate the remainder when b is divided by 6.
4
Let o = 315 + -193. What is the remainder when o is divided by 14?
10
Suppose -3*y + 116 + 43 = 0. What is the remainder when y is divided by 18?
17
Suppose -22*p + 21*p = -29. What is the remainder when p is divided by 17?
12
Let g(m) be the second derivative of -m**4/12 - 3*m**3/2 + 5*m**2/2 + 2*m. What is the remainder when 24 is divided by g(-8)?
11
Let q = 6 + -3. What is the remainder when q is divided by 2/5 - (-32)/20?
1
Suppose -3 - 7 = -5*q. Let l